
True
Is 8892749 a multiple of 12?
False
Does 89 divide 164888?
False
Is 12 a factor of 76421?
False
Is 6654962 even?
True
Is 95103 a multiple of 9?
True
Is 2 a factor of 100177?
False
Does 620 divide 9190048?
False
Does 316 divide 41080?
True
Does 27 divide 5501960?
False
Does 2 divide 287246?
True
Is 23 a factor of 495190?
True
Does 808 divide 3838808?
True
Is 174 a factor of 12224892?
True
Is 36 a factor of 8397940?
False
Is 183 a factor of 128832?
True
Does 26 divide 451542?
True
Is 159 a factor of 134037?
True
Does 48 divide 16818570?
False
Is 470008 a multiple of 22?
True
Is 76 a factor of 6104975?
False
Does 249 divide 952425?
True
Is 60 a factor of 10328520?
True
Does 20 divide 740227?
False
Is 112 a factor of 35616?
True
Is 1341615 a multiple of 517?
True
Does 58 divide 58121?
False
Is 3 a factor of 222108?
True
Is 110 a factor of 1717210?
True
Is 14574456 a multiple of 936?
True
Is 609078 a multiple of 130?
False
Does 9 divide 403227?
True
Does 724 divide 2326212?
True
Is 604580 a multiple of 43?
True
Is 13 a factor of 151853?
True
Is 244891 a multiple of 23?
False
Is 9 a factor of 9427014?
True
Is 2173380 a multiple of 444?
True
Is 36 a factor of 792540?
True
Is 967 a factor of 10996276?
False
Is 61134 a multiple of 138?
True
Does 221 divide 231387?
True
Is 236403 a multiple of 344?
False
Is 98422 a multiple of 24?
False
Does 48 divide 6068688?
True
Is 4 a factor of 155948?
True
Does 5 divide 1889815?
True
Is 281 a factor of 148087?
True
Is 53766 a multiple of 261?
True
Does 11 divide 44011?
True
Is 30026 a multiple of 27?
False
Is 5 a factor of 247750?
True
Is 868927 a multiple of 197?
False
Is 178 a factor of 2914128?
False
Is 607 a factor of 416515?
False
Is 5176 a multiple of 3?
False
Is 13 a factor of 621459?
False
Is 48 a factor of 57693?
False
Is 130696 a multiple of 17?
True
Is 34 a factor of 280126?
True
Does 3 divide 218745?
True
Is 422 a factor of 3124910?
True
Does 129 divide 98489?
False
Does 82 divide 566292?
True
Is 14 a factor of 25562?
False
Is 410 a factor of 2126670?
True
Does 8 divide 487809?
False
Is 30 a factor of 119259?
False
Does 121 divide 12158443?
True
Does 382 divide 2148284?
False
Is 100116 a multiple of 12?
True
Is 15 a factor of 131880?
True
Is 316 a factor of 5756368?
False
Is 9 a factor of 347033?
False
Is 122 a factor of 4751336?
False
Does 178 divide 9740872?
True
Is 7 a factor of 11976?
False
Is 9708689 a multiple of 1021?
True
Is 1113 a factor of 5036325?
True
Is 102311 a multiple of 71?
True
Is 191723 a multiple of 51?
False
Is 2905632 a multiple of 342?
True
Is 94 a factor of 885299?
False
Is 260624 a multiple of 112?
True
Is 497094 a multiple of 26?
True
Is 148 a factor of 39960?
True
Is 2260872 a multiple of 30?
False
Is 2596775 a multiple of 431?
True
Is 174 a factor of 3583289?
False
Is 556 a factor of 138653?
False
Does 632 divide 333411?
False
Does 549 divide 488699?
False
Is 22107 a multiple of 291?
False
Is 5158912 a multiple of 458?
True
Is 679698 a multiple of 54?
True
Is 554776 a multiple of 103?
False
Is 150 a factor of 2644800?
True
Does 7 divide 1846033?
True
Is 64 a factor of 16949?
False
Is 4851 a multiple of 7?
True
Does 88 divide 527384?
True
Does 26 divide 215489?
False
Is 453440 a multiple of 64?
True
Is 16850626 a multiple of 365?
False
Is 17 a factor of 298041?
False
Does 40 divide 12750480?
True
Is 360082 a multiple of 8?
False
Is 2112157 a multiple of 173?
True
Is 127725 a multiple of 75?
True
Is 391100 a multiple of 20?
True
Is 238434 a multiple of 72?
False
Does 71 divide 624298?
False
Does 15 divide 46786?
False
Does 2 divide 21358?
True
Does 603 divide 4793850?
True
Is 99258 a multiple of 426?
True
Is 3278638 a multiple of 11?
True
Is 81553 even?
False
Does 34 divide 59051?
False
Does 27 divide 11870402?
False
Is 4 a factor of 17673?
False
Does 17 divide 1321470?
False
Does 73 divide 1501902?
True
Does 194 divide 3735850?
False
Is 61793 a multiple of 96?
False
Is 1769081 a multiple of 137?
True
Is 303934 a multiple of 20?
False
Does 42 divide 88852?
False
Is 660 a factor of 665280?
True
Is 1416398 a multiple of 1082?
False
Is 7909152 a multiple of 48?
True
Is 14 a factor of 1919417?
False
Does 267 divide 285690?
True
Is 65 a factor of 980544?
False
Is 918277 a multiple of 103?
False
Is 46 a factor of 288377?
False
Does 212 divide 2153327?
False
Is 9 a factor of 1163452?
False
Does 46 divide 2950137?
False
Does 14 divide 451262?
True
Is 95 a factor of 416766?
False
Is 67 a factor of 364547?
True
Is 21 a factor of 926060?
False
Is 29 a factor of 14703?
True
Does 205 divide 4219859?
False
Is 10819316 a multiple of 2054?
False
Is 14942 a multiple of 7?
False
Is 689076 a multiple of 4?
True
Does 20 divide 361139?
False
Does 132 divide 52558?
False
Is 2918216 a multiple of 87?
False
Is 661 a factor of 3837105?
True
Is 4835864 a multiple of 358?
True
Is 22 a factor of 36868?
False
Is 554 a factor of 5152147?
False
Is 344 a factor of 250302?
False
Is 5 a factor of 53573?
False
Does 8 divide 15859312?
True
Does 47 divide 4418?
True
Is 18983106 a multiple of 27?
True
Is 1414 a factor of 6570057?
False
Does 269 divide 1911514?
True
Is 48360 a multiple of 40?
True
Does 29 divide 9530031?
False
Is 666536 a multiple of 39?
False
Does 379 divide 10223146?
True
Is 26 a factor of 594064?
False
Is 35 a factor of 64117?
False
Does 6 divide 1624?
False
Is 63 a factor of 222105?
False
Is 321310 a multiple of 230?
True
Is 79406 a multiple of 29?
False
Does 10 divide 5017635?
False
Is 11842545 a multiple of 20?
False
Is 33 a factor of 141174?
True
Is 397987 a multiple of 7?
False
Is 1462670 a multiple of 55?
True
Is 16 a factor of 578335?
False
Is 7 a factor of 573951?
True
Is 54 a factor of 1781096?
False
Does 5 divide 108571?
False
Does 21 divide 2315985?
True
Is 237 a factor of 1388109?
True
Is 1046500 a multiple of 130?
True
Does 20 divide 50420?
True
Is 31 a factor of 463736?
False
Is 1122027 a multiple of 13?
False
Does 77 divide 884961?
True
Is 4 a factor of 12441?
False
Does 136 divide 5899864?
False
Does 249 divide 28386?
True
Is 1769881 a multiple of 736?
False
Does 8 divide 640736?
True
Does 128 divide 136336?
False
Does 33 divide 7918779?
True
Is 18 a factor of 17055166?
False
Is 92354 a multiple of 9?
False
Is 33 a factor of 3691015?
False
Is 1052599 a multiple of 14?
False
Is 116 a factor of 76792?
True
Is 2 a factor of 747715?
False
Is 5 a factor of 375850?
True
Is 139025 a multiple of 19?
False
Is 36 a factor of 176328?
True
Is 181674 a multiple of 66?
False
Is 178166 a multiple of 54?
False
Does 10 divide 200914?
False
Does 426 divide 523973?
False
Does 464 divide 1112498?
False
Is 11 a factor of 43081?
False
Is 10726238 a multiple of 89?
False
Does 1988 divide 9989700?
True
Is 51 a factor of 8764211?
False
Does 210 divide 129589?
False
Does 11 divide 2111609?
False
Is 1145569 a multiple of 30?
False
Is 17904 a multiple of 4?
True
Does 10 divide 5266404?
False
Is 1026 a multiple of 38?
True
Is 101 a factor of 120291?
True
Is 62160 a multiple of 2?
True
Is 119 a factor of 44449?
False
Does 52 divide 271027?
False
Is 50 a factor of 600455?
False
Is 528 a factor of 146336?
False
Is 225 a factor of 1208894?
False
Is 3639 a multiple of 4?
False
Is 33907932 a multiple of 12?
True
Does 368 divide 5750368?
True
Is 50 a factor of 124450?
True
Is 25 a factor of 7994850?
True
Is 2 a factor of 1466?
True
Is 52 a factor of 277559?
False
Is 31 a factor of 327441?
False
Is 1373 a factor of 4872777?
True
Is 16 a factor of 1728357?
False
Is 613 a factor of 973444?
True
Is 229008 a multiple of 26?
True
Does 29 divide 265785?
True
Is 197 a factor of 48265?
True
Does 209 divide 216315?
True
Does 57 divide 134999?
False
Is 73266 a multiple of 14?
False
Does 144 divide 661756?
False
Is 62 a factor of 808222?
False
Is 163845 a multiple of 9?
True
Does 15 divide 41718241?
False
Is 14 a factor of 120792?
True
Is 38 a factor of 19345297?
False
Does 2 divide 19412?
True
Is 8 a factor of 232414?
False
Is 638640 a multiple of 6?
True
Is 10 a factor of 118059?
False
Is 357 a factor of 3967080?
False
Does 5 divide 301980?
True
Is 2121 a factor of 15158787?
True
Is 893 a multiple of 519?
False
Does 677 divide 1085231?
True
Does 1695 divide 6253971?
False
Is 83 a factor of 283024?
False
Does 1227 di